4
Let p(y) = y**3 + 9*y**2 - 4*y + 19. Let u be p(-9). Suppose -3*m = -3*j, -m - 3 = 3*j - 23. What is the greatest common factor of j and u?
5
Let a(z) = z**2 + 28*z + 12. Let t be a(-12). Let y = t - -182. What is the greatest common factor of 2 and y?
2
Let p = 121 + -79. Suppose -5*k - p = -2*r, r = -3*k + k - 24. Let q be ((-60)/(-8))/(3/(-4 - k)). Calculate the greatest common divisor of q and 135.
15
Let x = 45 - -270. Let z = -199987 - -200050. What is the highest common divisor of x and z?
63
Let v(c) = 3*c + 5. Let r be v(5). Suppose 0 = -26*b + 13*b. Let j be 80*1 - b*2/(-10). What is the highest common divisor of j and r?
20
Let k(n) = -n**2 - 34*n + 82. Let d(h) = -4*h**2 - 103*h + 246. Let b(v) = 2*d(v) - 7*k(v). Let a be b(29). Calculate the greatest common divisor of a and 35.
5
Let t(f) = -5*f - 1. Let c be t(5). Let x = c + 31. Suppose -3*z - 3*o + 50 = o, z + x*o = 13. What is the highest common factor of 90 and z?
18
Suppose 3*c - 4*c - 25 = 3*w, 45 = -2*w + 5*c. Let k be (14/w - 1)*825/(-10). Suppose 0*g = 11*g - k. What is the highest common divisor of g and 9?
9
Let h be 110/44*3/(6/1856). Suppose 10*k + 4*r = 7*k + h, 0 = -3*r - 15. Calculate the greatest common divisor of 52 and k.
52
Suppose 4*x = 2*p + 4, 2*p + 3*p - 5*x = 15. Suppose -p*a = -4*a - 104. Calculate the greatest common factor of a and 26.
26
Suppose -2*g + 16 = -g. Suppose 0 = v - g - 0. Let y be 5350/(-4815)*(-216)/10. Calculate the highest common factor of y and v.
8
Let o = 123 - 51. Suppose 5*d - 475 = -7*m + 2*m, 0 = -4*d + m + 385. Calculate the highest common factor of o and d.
24
Let w be (-82882)/(-609) - 16/168. What is the highest common divisor of w and 392?
8
Suppose 0 = -125*v + 926574 - 214598 + 1094274. Calculate the highest common divisor of 50 and v.
50
Let f be (-60)/(-33) + (-2)/(-11). Let h(q) = 4*q**2 + 2*q. Let u be h(f). Let s = 1616 + -1566. What is the greatest common divisor of s and u?
10
Suppose -5*h + 3*j + 350 = -574, -18*h = -4*j - 3374. What is the highest common factor of 24003 and h?
189
Suppose 0 = 3*i - 3*q - 3879, 5*q - 3389 - 3116 = -5*i. Suppose 9*f - 13*f = -3*u + 784, i = 5*u + 3*f. Calculate the greatest common factor of u and 60.
20
Suppose -193*w = -196*w + 3. Let r be (-1)/(-9) - (w + (-315)/81). What is the highest common factor of 57 and r?
3
Suppose 14 = -2*z, -2*d - 22*z + 21*z + 289 = 0. Calculate the highest common divisor of 8 and d.
4
Suppose 12*p - 17*p - 42*p = -213615. What is the greatest common divisor of 135 and p?
45
Let v be 52/(9/24 + 5/(-24)). What is the greatest common divisor of v and 494?
26
Let j be (-72)/(-3)*((-6)/(-8))/((-12)/(-8)). What is the greatest common divisor of 60 and j?
12
Let i be 874 - (-6 + 0 + -2). Suppose 2*g + i = 8*g. Calculate the highest common divisor of g and 63.
21
Let r(f) = -f**2 + 9*f - 12. Let h be r(7). Let b(g) = 2*g**2 - 5*g + 7. Let x be b(h). Suppose x*w = w + 52. What is the highest common divisor of w and 91?
13
Suppose -24*s + 15*s = -252. Let l(p) = 6*p - 116. Let m be l(31). Calculate the greatest common factor of s and m.
14
Let o(x) = -2*x + 7. Let i be o(4). Let t be 139 - (-3 + (-7)/i). Suppose -3*a + 6 = 0, -h + 19 = a + 2. Calculate the highest common factor of h and t.
15
Let g(i) = -i**3 + 5*i**2 + 7*i - 6. Let c be g(4). Let d = c + -38. Suppose d = 4*k - 71 - 229. What is the highest common divisor of k and 30?
15
Let c = -40 - -19. Let o = 27 + c. Suppose -2*d + o*d + 3*y = 579, 585 = 4*d + y. Calculate the highest common divisor of d and 21.
21
Let u(r) = -r**3 - 19*r**2 + 290*r + 15. Let d be u(-29). Calculate the highest common factor of 23370 and d.
15
Suppose 437*j = 22265 + 459. Calculate the greatest common divisor of j and 1053.
13
Let f(v) = v**2 - 13*v + 9. Let y be f(17). Let k(o) = 6*o - 46. Let c be k(10). What is the highest common divisor of c and y?
7
Suppose -4*i = 20, -3*i - 5845 = -2*b - 3*b. What is the highest common factor of b and 176?
22
Let k = 9 + -1. Let m be (-4)/46 - 115128/(-3588). Calculate the greatest common divisor of m and k.
8
Let s = -11309 + 11324. Calculate the greatest common factor of 282 and s.
3
Suppose -4*n + 154 + 211 = u, -179 = -2*n + 3*u. Calculate the greatest common divisor of 455 and n.
91
Let u be ((-11)/(33/18))/(56/(-7) - -6). Calculate the greatest common factor of u and 13.
1
Let d be (12/10)/(33/110). Suppose -3*o = 4*f - 288, -f + 2*f - 463 = -5*o. What is the greatest common divisor of d and o?
4
Suppose 0 = 2*q - 0*q - 8. Let z = -515 - -543. Suppose -c + z = 4*n, -4*c + n + 70 + 8 = 0. Calculate the greatest common factor of q and c.
4
Suppose 3370 = -5*b + 5*y, -4*b = -b + 5*y + 2062. Let a = b + 1044. Calculate the highest common factor of 5 and a.
5
Let i = 41513 - 40788. What is the greatest common factor of 232 and i?
29
Let z be (-2)/6 + 338/6. Suppose 1373*n + 27620 = 412060. What is the greatest common factor of z and n?
56
Let t(k) = 2*k**3 + 49*k**2 + 189*k - 2. Let m be t(-19). What is the greatest common factor of 918 and m?
54
Suppose 0 = -2*k + 3*h + 41, -6 = -k - k - 4*h. Suppose -16*s = -k*s - 195. Let a = s - 58. What is the highest common factor of 56 and a?
7
Let z(y) = y**3 - 14*y**2 + 8*y + 35. Let q be z(13). Let m be 8*11/55*q/(-4). Calculate the greatest common divisor of m and 52.
4
Suppose -3*k = -6*k + 78. Let n = -108 + 221. Suppose 5*i = 2*i - s + n, 3*s = i - 51. What is the highest common divisor of i and k?
13
Let x(q) = 20*q**3 - 2*q**2 - 80*q + 169. Let c be x(2). What is the greatest common factor of c and 14?
7
Let j be (-160)/30*(-27)/6. Let n = 25 - j. Calculate the greatest common divisor of 13 and n.
1
Suppose -260 = -40*t + 44*t. Let v = t + 166. Let o = v + -93. What is the highest common divisor of 56 and o?
8
Let y(o) = 12*o + 18. Let c be y(13). Let v = c + -159. What is the highest common divisor of v and 75?
15
Let f = -18892 - -21676. Calculate the highest common divisor of f and 64.
32
Let v(j) = 3*j - 29. Let l be (-2717)/(-57) - (2 + (-20)/6). Suppose 0 = -l*i + 44*i + 50. Let r be v(i). What is the highest common factor of r and 1?
1
Let v(g) = -63*g + 1753. Let q be v(27). Calculate the highest common divisor of q and 39.
13
Suppose -14 = t - 2*t - 2*y, 4*t = -4*y + 36. Let z be 276/16 - 1/t. Let m(b) = b**2 + 5*b - 7. Let x be m(-14). What is the greatest common factor of z and x?
17
Suppose 3*x = -5*s + 32219, -5*s + 5*x - 10621 = -42896. Calculate the greatest common divisor of 624 and s.
208
Suppose 22*u = -5*v + 25*u + 5842, 7000 = 6*v - u. What is the greatest common factor of v and 424?
106
Let q(o) = -o - 8. Let k be (-24)/2 - -2*1. Let a be q(k). Let m(x) = 51*x**2 - x - 2. Let v be m(a). Calculate the greatest common divisor of 25 and v.
25
Let q(r) = -17*r + 44*r - r - 70. Let o be q(3). Calculate the highest common divisor of 8 and o.
8
Let h(i) = -14231*i + 529. Let n be h(-1). What is the highest common factor of n and 24?
24
Let v(u) = -u**2 + 9*u - 16. Let w be v(6). Suppose 0 = w*t + 2 - 14. Suppose -3*o + t = -75. Calculate the highest common factor of o and 27.
27
Let l be (1108/22)/2 + (-3134)/17237. Calculate the highest common factor of l and 20.
5
Suppose 3*b + 61 = -2*p - 268, 0 = 5*p + 3*b + 809. Let f be (39/1)/((-96)/p). Calculate the highest common divisor of f and 5.
5
Suppose 0 = b + 4*r - 328, -2*b + r - 1697 = -7*b. Suppose -1236 = -4*g - b. Let u be -2*(-36)/(-27)*-12. What is the highest common factor of g and u?
32
Suppose -4*o + 24 = 0, 4*z - 4*o = 8053 - 157. What is the greatest common factor of z and 4?
4
Suppose -d + 2*n = -1122, -1691 = -5*d - 4*n + 4017. What is the highest common divisor of d and 1349?
71
Let g be 315/24 - 3/24. Let y = 32 + g. Calculate the greatest common factor of y and 27.
9
Suppose -86 + 22 = -8*b. Suppose -3*o - b = -5*o. Suppose -2*a - 4*v = -52, -2*v - 8 + 162 = 5*a. What is the greatest common divisor of o and a?
4
Let y(x) = 107*x - 1453. Let v be y(14). What is the highest common divisor of 2010 and v?
15
Let p be ((-42)/(-8))/(6/64). Let d be -4*(6/(-8))/1. Suppose 2*q - 10 = 0, d*n - 2*q - 2*q - 4 = 0. What is the highest common factor of p and n?
8
Suppose -a + j = 2*j - 31, a - j - 35 = 0. Let u be (30/(-4))/((-17)/(-34)). Let y be (-47)/u + 3/(